{"id":138,"date":"2021-11-10T19:32:03","date_gmt":"2021-11-10T19:32:03","guid":{"rendered":"https:\/\/www.kalibracepipet.cz\/?page_id=138"},"modified":"2021-11-11T12:46:49","modified_gmt":"2021-11-11T12:46:49","slug":"stiznosti","status":"publish","type":"page","link":"https:\/\/www.kalibracepipet.cz\/?page_id=138","title":{"rendered":"St\u00ed\u017enosti"},"content":{"rendered":"\n<div class=\"wp-block-columns is-layout-flex wp-container-core-columns-is-layout-9d6595d7 wp-block-columns-is-layout-flex\">\n<div class=\"wp-block-column is-layout-flow wp-block-column-is-layout-flow\">\n<p>V\u00e1\u017een\u00ed z\u00e1kazn\u00edci, <\/p>\n\n\n\n<p>moc n\u00e1s mrz\u00ed, \u017ee jste nebyli s na\u0161\u00ed prac\u00ed spokojeni. Pros\u00edm V\u00e1s o vypln\u011bn\u00ed formul\u00e1\u0159e a jeho odesl\u00e1n\u00ed.<\/p>\n\n\n\n<p>St\u00ed\u017enosti se budeme ihned v\u011bnovat a b\u011bhem jednoho pracovn\u00edho t\u00fddne V\u00e1m po\u0161leme odpov\u011b\u010f.<\/p>\n\n\n\n<p>D\u011bkuji V\u00e1m za vypln\u011bn\u00ed formul\u00e1\u0159e.<\/p>\n\n\n\n<p>ing. Jaroslav Vor\u00e1\u010dek<\/p>\n\n\n\n<p class=\"has-small-font-size\">Mana\u017eer kvality kalibra\u010dn\u00ed laborato\u0159e<\/p>\n\n\n\n<div class=\"wp-block-image\"><figure class=\"aligncenter size-full is-resized\"><img loading=\"lazy\" decoding=\"async\" src=\"https:\/\/www.kalibracepipet.cz\/wp-content\/uploads\/2021\/11\/negativ-smajlik.jpg\" alt=\"\" class=\"wp-image-139\" width=\"155\" height=\"155\" srcset=\"https:\/\/www.kalibracepipet.cz\/wp-content\/uploads\/2021\/11\/negativ-smajlik.jpg 640w, https:\/\/www.kalibracepipet.cz\/wp-content\/uploads\/2021\/11\/negativ-smajlik-300x300.jpg 300w, https:\/\/www.kalibracepipet.cz\/wp-content\/uploads\/2021\/11\/negativ-smajlik-150x150.jpg 150w\" sizes=\"auto, (max-width: 155px) 100vw, 155px\" \/><\/figure><\/div>\n<\/div>\n\n\n\n<div class=\"wp-block-column is-layout-flow wp-block-column-is-layout-flow\"><div class=\"wpforms-container wpforms-container-full\" id=\"wpforms-142\"><form id=\"wpforms-form-142\" class=\"wpforms-validate wpforms-form wpforms-ajax-form\" data-formid=\"142\" method=\"post\" enctype=\"multipart\/form-data\" action=\"\/index.php?rest_route=%2Fwp%2Fv2%2Fpages%2F138\" data-token=\"db840cb0ccf274883d0e0679e0339bb1\"><noscript class=\"wpforms-error-noscript\">Chcete-li vyplnit tento formul\u00e1\u0159, pros\u00edm povolte v prohl\u00ed\u017ee\u010di JavaScript.<\/noscript><div class=\"wpforms-field-container\"><div id=\"wpforms-142-field_1-container\" class=\"wpforms-field wpforms-field-text\" data-field-id=\"1\"><label class=\"wpforms-field-label\" for=\"wpforms-142-field_1\">Jm\u00e9no a p\u0159\u00edjmen\u00ed, titul: <span class=\"wpforms-required-label\">*<\/span><\/label><input type=\"text\" id=\"wpforms-142-field_1\" class=\"wpforms-field-medium wpforms-field-required\" name=\"wpforms[fields][1]\" required><\/div><div id=\"wpforms-142-field_2-container\" class=\"wpforms-field wpforms-field-text\" data-field-id=\"2\"><label class=\"wpforms-field-label\" for=\"wpforms-142-field_2\">Organizace\/laborato\u0159: <span class=\"wpforms-required-label\">*<\/span><\/label><input type=\"text\" id=\"wpforms-142-field_2\" class=\"wpforms-field-medium wpforms-field-required\" name=\"wpforms[fields][2]\" required><\/div><div id=\"wpforms-142-field_3-container\" class=\"wpforms-field wpforms-field-email\" data-field-id=\"3\"><label class=\"wpforms-field-label\" for=\"wpforms-142-field_3\">E-mail <span class=\"wpforms-required-label\">*<\/span><\/label><input type=\"email\" id=\"wpforms-142-field_3\" class=\"wpforms-field-medium wpforms-field-required\" name=\"wpforms[fields][3]\" required><\/div><div id=\"wpforms-142-field_5-container\" class=\"wpforms-field wpforms-field-textarea\" data-field-id=\"5\"><label class=\"wpforms-field-label\" for=\"wpforms-142-field_5\">Popis st\u00ed\u017enosti: <span class=\"wpforms-required-label\">*<\/span><\/label><textarea id=\"wpforms-142-field_5\" class=\"wpforms-field-large wpforms-field-required\" name=\"wpforms[fields][5]\" required><\/textarea><\/div><\/div><div class=\"wpforms-submit-container\"><input type=\"hidden\" name=\"wpforms[id]\" value=\"142\"><input type=\"hidden\" name=\"wpforms[author]\" value=\"1\"><button type=\"submit\" name=\"wpforms[submit]\" id=\"wpforms-submit-142\" class=\"wpforms-submit\" data-alt-text=\"Odes\u00edl\u00e1ni...\" data-submit-text=\"Odeslat\" aria-live=\"assertive\" value=\"wpforms-submit\">Odeslat<\/button><img loading=\"lazy\" decoding=\"async\" src=\"https:\/\/www.kalibracepipet.cz\/wp-content\/plugins\/wpforms-lite\/assets\/images\/submit-spin.svg\" class=\"wpforms-submit-spinner\" style=\"display: none;\" width=\"26\" height=\"26\" alt=\"Na\u010d\u00edt\u00e1n\u00ed\"><\/div><\/form><\/div>  <!-- .wpforms-container --><\/div>\n<\/div>\n\n\n\n<p>Postup \u0159e\u0161en\u00ed st\u00ed\u017enosti naleznete zde:<\/p>\n\n\n\n<div class=\"wp-block-file\"><a href=\"https:\/\/www.kalibracepipet.cz\/wp-content\/uploads\/2021\/11\/VZ71_Popis-reseni-stiznosti_03.pdf\">VZ71_Popis-reseni-stiznosti_03<\/a><a href=\"https:\/\/www.kalibracepipet.cz\/wp-content\/uploads\/2021\/11\/VZ71_Popis-reseni-stiznosti_03.pdf\" class=\"wp-block-file__button\" download>St\u00e1hnout<\/a><\/div>\n","protected":false},"excerpt":{"rendered":"<p>V\u00e1\u017een\u00ed z\u00e1kazn\u00edci, moc n\u00e1s mrz\u00ed, \u017ee jste nebyli s na\u0161\u00ed prac\u00ed spokojeni. Pros\u00edm V\u00e1s o vypln\u011bn\u00ed formul\u00e1\u0159e a jeho odesl\u00e1n\u00ed. St\u00ed\u017enosti se budeme ihned v\u011bnovat a b\u011bhem jednoho pracovn\u00edho t\u00fddne V\u00e1m po\u0161leme odpov\u011b\u010f. D\u011bkuji V\u00e1m za vypln\u011bn\u00ed formul\u00e1\u0159e. ing. Jaroslav Vor\u00e1\u010dek Mana\u017eer kvality kalibra\u010dn\u00ed laborato\u0159e Postup \u0159e\u0161en\u00ed st\u00ed\u017enosti naleznete zde:<\/p>\n","protected":false},"author":1,"featured_media":0,"parent":0,"menu_order":0,"comment_status":"closed","ping_status":"closed","template":"","meta":{"_monsterinsights_skip_tracking":false,"_monsterinsights_sitenote_active":false,"_monsterinsights_sitenote_note":"","_monsterinsights_sitenote_category":0,"footnotes":""},"class_list":["post-138","page","type-page","status-publish","hentry"],"_links":{"self":[{"href":"https:\/\/www.kalibracepipet.cz\/index.php?rest_route=\/wp\/v2\/pages\/138","targetHints":{"allow":["GET"]}}],"collection":[{"href":"https:\/\/www.kalibracepipet.cz\/index.php?rest_route=\/wp\/v2\/pages"}],"about":[{"href":"https:\/\/www.kalibracepipet.cz\/index.php?rest_route=\/wp\/v2\/types\/page"}],"author":[{"embeddable":true,"href":"https:\/\/www.kalibracepipet.cz\/index.php?rest_route=\/wp\/v2\/users\/1"}],"replies":[{"embeddable":true,"href":"https:\/\/www.kalibracepipet.cz\/index.php?rest_route=%2Fwp%2Fv2%2Fcomments&post=138"}],"version-history":[{"count":4,"href":"https:\/\/www.kalibracepipet.cz\/index.php?rest_route=\/wp\/v2\/pages\/138\/revisions"}],"predecessor-version":[{"id":295,"href":"https:\/\/www.kalibracepipet.cz\/index.php?rest_route=\/wp\/v2\/pages\/138\/revisions\/295"}],"wp:attachment":[{"href":"https:\/\/www.kalibracepipet.cz\/index.php?rest_route=%2Fwp%2Fv2%2Fmedia&parent=138"}],"curies":[{"name":"wp","href":"https:\/\/api.w.org\/{rel}","templated":true}]}}